pose 4*p + 14 = -d, 8 = -2*p + p + 2*d. Let s = p - -13. What is the units digit of s?
9
Let d = -18 + 12. Suppose -4*g + 3*b - 28 = 0, -4*b + 12 = -b. What is the units digit of (-91)/(-21) + g/d?
5
Let y be 0 + 7/(7/8). Let m = -4 + y. Suppose -26 = m*v - 86. What is the units digit of v?
5
Let k(w) = -10*w - 25. What is the units digit of k(-10)?
5
What is the units digit of 51/(-4)*(-24)/9?
4
Let s(h) = 13*h + 2. Let o be s(1). Let b(l) = l**3 - 16*l**2 + 18*l - 9. What is the units digit of b(o)?
6
Suppose 0 = -5*r + 11*r - 150. What is the units digit of r?
5
Suppose -6*z - 10 = -790. What is the units digit of z?
0
Let q be (-2)/(-8) + (-118)/(-8). Let i = q - 6. What is the units digit of i?
9
Let q = -1 + 3. What is the units digit of q?
2
Let q be (-4)/(-6)*(-180)/(-8). What is the tens digit of (0 - q)*(-55)/33?
2
Let g = 2 - 1. Let k = 6 - g. What is the units digit of k?
5
Suppose -3*d - d + 5*k = -758, -970 = -5*d - 5*k. What is the hundreds digit of d?
1
Let n = 158 - -97. What is the units digit of n?
5
Let d(l) = 2*l**2. Let j be d(1). What is the units digit of (5/4)/(j/8)?
5
Suppose t - 168 = -4*t - 2*r, 4*t - 140 = 4*r. Suppose -2*l = -t + 12. What is the units digit of l?
1
What is the units digit of ((-8)/(-16))/((-2)/(-852))?
3
Suppose -6*a = 5*h - 11*a - 100, 4*h - a - 95 = 0. What is the tens digit of h?
2
Let w(x) = -4*x - 7. Let i be w(-6). Suppose 3*r - i - 4 = 0. What is the units digit of r?
7
Let i(f) = 2*f + 46. What is the tens digit of i(0)?
4
Let r(x) be the third derivative of -x**6/120 + x**5/10 - x**4/12 - 5*x**3/6 - 6*x**2. What is the units digit of r(5)?
0
Suppose s + 4 = -1. Let r = -2 - s. Suppose r*d + 2*o = 42, 3*d - 9 = d + 5*o. What is the units digit of d?
2
Let y = 3 + -4. What is the units digit of 1 + (2*3 - y)?
8
Suppose -3*d = q - 790, -d - 2*q + 260 = -5*q. What is the tens digit of d?
6
Suppose 2*m + 1 = 3, 0 = -4*q + 3*m + 69. What is the tens digit of q/(-30) + 116/10?
1
Let x = 5 + -3. Suppose -x*j - 3*j + 10 = 0. Suppose -5*p + 4*i = -60, p + 4*i + 2 = j*i. What is the units digit of p?
8
Let d(m) = m**3 + 9*m**2 - m - 6. Let j be d(-9). Suppose 3*q - 15 - j = 0. What is the units digit of q?
6
Let k(i) = -i**3 - 8*i**2 + i + 10. Let c be k(-8). Suppose -3*l = c*l - 15, -5*l + 3 = 4*a. What is the units digit of 1/a - 21/(-9)?
2
Let b(c) = 2*c. What is the units digit of b(3)?
6
Let x(g) = g + 3. What is the units digit of x(3)?
6
Let l(y) = -15*y - 26. What is the units digit of l(-8)?
4
Suppose 3*o - o = 0. Suppose 5*i + 0*i - 75 = o. What is the units digit of i?
5
Suppose -2*u - 18 = -4*u + 2*f, -u + 3*f = 1. Let v(n) = 3*n - 14. Let k be v(6). Suppose k*j = u + 34. What is the tens digit of j?
1
Let r be (-48)/(-4)*(-24)/(-9). Suppose y - r - 13 = 0. What is the tens digit of y?
4
Let p be 3*2 - 9/3. Suppose 5*f - 4*k - 79 = -p, -3*f = 3*k - 51. What is the tens digit of f?
1
Suppose -2*o + 2 = -3*o. Let m be (o - -2)/(8/(-4)). Suppose 4*d + 12 - 36 = m. What is the units digit of d?
6
What is the tens digit of (-17330)/(-50) - 6/10?
4
Suppose 2*m + 17 = 5*m + 2*y, 5*m = y + 37. Let j(r) = r**3 - 6*r**2 - 5*r - 8. Let w be j(m). What is the units digit of (w/(-9))/(2/(-18))?
6
What is the tens digit of 23*(4 - 6)/(-2)?
2
Let s be -1 + 5 - (-3 - -3). Suppose 2*r = 4*i, -4*r - 2*i + 2 = -8. Let b = r + s. What is the units digit of b?
6
Suppose -2*b + b = 46. Let k = b - -73. What is the tens digit of k?
2
Let i(z) = z**2 + 10*z + 12. Let s be i(-9). Let t = -1 - -1. Suppose t = 2*d + 3*b - 25 - 15, -26 = -d - s*b. What is the tens digit of d?
1
What is the tens digit of (5/(-3) + 3)*(-78)/(-4)?
2
Let s(v) = v**3 + 7*v**2 + 3*v - 4. What is the tens digit of s(-6)?
1
Let f(l) = -l**3 + 13*l**2 - 8*l - 13. Let x be f(12). Suppose 4*y - 73 = x. What is the tens digit of y?
2
Let r = -11 - -8. Let q(l) = l**3 + 2*l**2 - 2*l - 2. Let z be q(r). What is the units digit of 6/z*15/(-6)?
3
Let z(c) = c**3 + 11*c**2 + c + 15. Let u be z(-11). Let d = u + -2. What is the units digit of 5/(-10)*-9*d?
9
Let v = 11 - 6. What is the units digit of (-1)/v - (-192)/60?
3
Suppose 0 = -5*o + o + 4. Let v be o*12*(-2)/(-3). Let m = -4 + v. What is the units digit of m?
4
Let o = 31 - 21. Suppose -x - 2*d + 9 = 0, 2*x + d = -d + o. What is the units digit of 4*((-1)/4 + x)?
3
Let a = 1 - -1. Suppose -a*l + 3*z = -23, 4*l = -0*z - 5*z + 57. What is the tens digit of l?
1
Suppose 1 = 4*a - 15. What is the tens digit of 6*a*12/16?
1
Suppose 0*h + h - 3 = 0. Let y = -5 + h. What is the tens digit of -2*1/(y/16)?
1
Let a be 4/3*-1*3. Let z be 7 - (0 - a)/2. Suppose 0 = s + 4*s - z. What is the units digit of s?
1
Let u(t) = -t**3 + 13*t**2 - 26*t - 5. What is the hundreds digit of u(8)?
1
Let r(v) = v**2 - 8*v + 3. Let j be (-3 + 9)*(-2)/(-3). Let t be (8/5)/(j/20). What is the units digit of r(t)?
3
Let q be 0 + -3 + 2/(-1). Let o = q - -14. What is the units digit of o?
9
Suppose -2*y + u + 188 = 2*u, 0 = -2*u. What is the units digit of y?
4
Suppose -1 = 2*r - 4*l + 3*l, r + 2*l = 12. Let w be (-36)/6*(-1)/r. Let m = -2 + w. What is the units digit of m?
1
Let i(m) = -13*m**2 + 4*m - 1. Let w(c) = c - 8. Let t be w(4). Let n(d) = -13*d**2 + 3*d - 1. Let g(z) = t*n(z) + 3*i(z). What is the units digit of g(-1)?
4
Suppose 0*j = j - 15. Suppose -5*c - 4*d + 21 = 0, 2*c + 3*d - 8*d = j. What is the units digit of c?
5
Let w be -2 - (1 + (-8 - -1)). Suppose -w + 13 = 3*i. Let a(f) = f. What is the units digit of a(i)?
3
What is the units digit of (-1)/((-3)/((-243)/(-3)))?
7
Let z(g) = 2*g**2 - 2*g - 2. Let v be 3 + -4 + 2 + 1. Let w be z(v). Suppose -2 = -l, 2 = -w*r - 2*l + 10. What is the units digit of r?
2
Let o = -6 + 10. Let m = -2 - o. What is the units digit of ((-3)/(-3))/((-2)/m)?
3
Suppose -4*w + p = 2*p - 9, 6 = w + 4*p. Suppose 20 = w*k - 0*k. Let y = -6 + k. What is the units digit of y?
4
Suppose 5*t - 3*t = 2*b - 122, t - 175 = -3*b. What is the units digit of b?
9
Let x(j) = -j**2 + 3*j - 1. Let y be x(3). Let h = 2 - y. Suppose -14 - 4 = -h*d. What is the units digit of d?
6
Let j(l) = -l**3 + 8*l**2 - 8*l + 7. Let d be j(7). Let q(b) = -b**2 + 5*b - 2. Let t be q(4). Suppose -s + t = d, -s = -i + 3*s. What is the units digit of i?
8
Suppose 3*r = -3*o + 27, 0*o - 2*r + 6 = -o. Suppose -o*g + 39 + 25 = 0. What is the tens digit of g?
1
Let f = 550 - 268. What is the units digit of f?
2
Let h(u) = 33*u**2 + 4*u - 2. What is the units digit of h(1)?
5
Let j(l) = 4*l - 2. Let m(v) = 9*v - 4. Suppose 13 = 4*u - 11. Let g(x) = u*m(x) - 14*j(x). What is the units digit of g(-5)?
4
Let j(h) = h**3 - 6*h**2 + 8*h - 3. Let b = -2 + 7. What is the units digit of j(b)?
2
Suppose -4*y + 470 = y. Suppose -6*w + y + 2 = 0. What is the tens digit of w?
1
Suppose -47 = 4*k - 183. What is the units digit of k?
4
Let c = 3 - 0. Suppose -2*m + 5 = -3*l, 11 = 2*m - 0*m + c*l. What is the units digit of m?
4
Let o(b) = b**2 + 10*b - 8. What is the units digit of o(-14)?
8
Let f(l) = l**3 + 15*l**2 + 7*l - 23. What is the units digit of f(-14)?
5
Suppose -m + 0*m + 21 = 0. What is the units digit of m?
1
Let q = 10 - 9. Let j(t) = 13*t - 2. What is the units digit of j(q)?
1
Let k(n) = -n**2 + 33*n + 20. Let z(p) = -8*p - 5. Let g(c) = -2*k(c) - 9*z(c). What is the units digit of g(-3)?
5
Suppose -i = 5*w - 6*i - 5, 2*w - 7 = -3*i. Suppose 2 + 2 = -4*p + 4*g, w*g = -8. What is the units digit of p/((-1 + 0)*1)?
5
Suppose 2*s - 7 = 1. What is the units digit of (-1)/s - 66/(-8)?
8
Let b = -52 + 184. Suppose 0 = -i - 3*i + b. What is the tens digit of i?
3
Let c(b) be the first derivative of -b**4/12 - b**3/6 + b**2 - 2. Let y(h) be the second derivative of c(h). What is the units digit of y(-1)?
1
Let y(z) = -25*z + 1. Let u be y(-1). Suppose u + 22 = 4*i. What is the units digit of i?
2
Let r(p) = p**2 + 3*p + 3. Let y be r(-3). Let k = 53 - 8. Suppose 4*f + y*t - 58 = 0, 5*f + 3*t - k = 2*f. What is the units digit of f?
3
What is the units digit of (-2808)/(-40) + 2/(-10)?
0
Let r = -22 - -18. What is the tens digit of 148/(8 + r) - -3?
4
Suppose -2*s + 135 = 11. What is the tens digit of s?
6
What is the units digit of (1 - 22/3)/(2/(-66))?
9
Let p(a) = -a**3 - 4*a**2 - 2*a - 3. Let z be p(-3). Let w(k) 